{"id":61,"date":"2018-11-11T13:46:50","date_gmt":"2018-11-11T12:46:50","guid":{"rendered":"https:\/\/www.turnados-dresden.de\/?page_id=61"},"modified":"2024-02-18T22:20:43","modified_gmt":"2024-02-18T21:20:43","slug":"kinderturnen","status":"publish","type":"page","link":"https:\/\/www.dresden-kinderturnen.de\/?page_id=61","title":{"rendered":"Kinderturnen"},"content":{"rendered":"<p>[et_pb_section fb_built=&#8220;1&#8243; _builder_version=&#8220;4.16&#8243; global_colors_info=&#8220;{}&#8220;][et_pb_row _builder_version=&#8220;4.16&#8243; background_size=&#8220;initial&#8220; background_position=&#8220;top_left&#8220; background_repeat=&#8220;repeat&#8220; global_colors_info=&#8220;{}&#8220;][et_pb_column type=&#8220;4_4&#8243; _builder_version=&#8220;4.16&#8243; custom_padding=&#8220;|||&#8220; global_colors_info=&#8220;{}&#8220; custom_padding__hover=&#8220;|||&#8220;][et_pb_image src=&#8220;https:\/\/www.turnados-dresden.de\/wp-content\/uploads\/P1010084.jpg&#8220; align_tablet=&#8220;center&#8220; align_phone=&#8220;&#8220; align_last_edited=&#8220;on|desktop&#8220; _builder_version=&#8220;4.16&#8243; global_colors_info=&#8220;{}&#8220;][\/et_pb_image][et_pb_text admin_label=&#8220;Beschreibung Kinderturnen&#8220; _builder_version=&#8220;4.16&#8243; global_colors_info=&#8220;{}&#8220;]<\/p>\n<p>Kinderturnen ist die \u201eKinderstube des Sports\u201c.<\/p>\n<p>Spielerisch werden Bewegungserfahrungen gesammelt, die Grundlagen aller Sportarten sind. Die F\u00f6rderung der Grundfertigkeiten, wie zum Beispiel Balancieren, H\u00fcpfen, Schwingen und Rollen, stehen im Mittelpunkt des Kinderturnens. Es holt die Kinder dort ab, wo sie sind \u2013 in ihrem f\u00fcr die gesamte Pers\u00f6nlichkeitsentwicklung wichtigen Grundbed\u00fcrfnis, sich zu bewegen. Durch Bewegung erweitern Kinder nicht nur ihre motorischen, sondern auch ihre kognitiven F\u00e4higkeiten.<\/p>\n<p>Kinderturnen ist DIE motorische Grundlagenausbildung f\u00fcr Kinder.<\/p>\n<p>[\/et_pb_text][\/et_pb_column][\/et_pb_row][et_pb_row column_structure=&#8220;1_3,1_3,1_3&#8243; _builder_version=&#8220;4.16&#8243; background_size=&#8220;initial&#8220; background_position=&#8220;top_left&#8220; background_repeat=&#8220;repeat&#8220; global_colors_info=&#8220;{}&#8220;][et_pb_column type=&#8220;1_3&#8243; _builder_version=&#8220;4.16&#8243; custom_padding=&#8220;|||&#8220; global_colors_info=&#8220;{}&#8220; custom_padding__hover=&#8220;|||&#8220;][et_pb_blurb title=&#8220;Eltern-Kind-Turnen&#8220; admin_label=&#8220;Eltern-Kind-Turnen &#8211; Teilnehmer &#8211; \u00dcbungszeiten&#8220; _builder_version=&#8220;4.16&#8243; global_colors_info=&#8220;{}&#8220;]<\/p>\n<p>Altsergruppe:<br \/>2-4 j\u00e4hrige Kinder<\/p>\n<p>\u00dcbungszeit:<br \/>Samstag, 9:30 Uhr bis 10:30 Uhr<\/p>\n<p>Hinweis:<br \/>Teilnahme nur mit Eltern m\u00f6glich, ein Mitgliedsbeitrag f\u00fcr die Eltern wird nicht erhoben.<\/p>\n<p>[\/et_pb_blurb][\/et_pb_column][et_pb_column type=&#8220;1_3&#8243; _builder_version=&#8220;4.16&#8243; custom_padding=&#8220;|||&#8220; global_colors_info=&#8220;{}&#8220; custom_padding__hover=&#8220;|||&#8220;][et_pb_blurb title=&#8220;Kinderturnen&#8220; admin_label=&#8220;KiTu 1 -Alter + Zeiten&#8220; _builder_version=&#8220;4.19.4&#8243; hover_enabled=&#8220;0&#8243; global_colors_info=&#8220;{}&#8220; sticky_enabled=&#8220;0&#8243;]<\/p>\n<p>Altersgruppe:<br \/>Vorschule bis 3. Klasse<\/p>\n<p>\u00dcbungszeit:<br \/>Freitag, 14:30 Uhr bis 15:45 Uhr<\/p>\n<p>[\/et_pb_blurb][\/et_pb_column][et_pb_column type=&#8220;1_3&#8243; _builder_version=&#8220;4.16&#8243; custom_padding=&#8220;|||&#8220; global_colors_info=&#8220;{}&#8220; custom_padding__hover=&#8220;|||&#8220;][et_pb_blurb admin_label=&#8220;Leer&#8220; _builder_version=&#8220;4.19.4&#8243; hover_enabled=&#8220;0&#8243; global_colors_info=&#8220;{}&#8220; sticky_enabled=&#8220;0&#8243;][\/et_pb_blurb][\/et_pb_column][\/et_pb_row][et_pb_row _builder_version=&#8220;4.16&#8243; background_size=&#8220;initial&#8220; background_position=&#8220;top_left&#8220; background_repeat=&#8220;repeat&#8220; global_colors_info=&#8220;{}&#8220;][et_pb_column type=&#8220;4_4&#8243; _builder_version=&#8220;4.16&#8243; custom_padding=&#8220;|||&#8220; global_colors_info=&#8220;{}&#8220; custom_padding__hover=&#8220;|||&#8220;][et_pb_text admin_label=&#8220;Ort&#8220; _builder_version=&#8220;4.16&#8243; global_colors_info=&#8220;{}&#8220;]<\/p>\n<p>Unsere Gruppen \u00fcben in der Turnhalle der 19. Grundschule Dresden (Am J\u00e4gerpark 5, 01099 Dresden) und sind Bestandteil der Kooperation mit der 19. Grundschule.<\/p>\n<p>[\/et_pb_text][et_pb_text admin_label=&#8220;\u00dcbungsleiter&#8220; _builder_version=&#8220;4.16&#8243; global_colors_info=&#8220;{}&#8220;]<\/p>\n<div class=\"tmm tmm_abteilung-kinderturnen\"><div class=\"tmm_5_columns tmm_wrap tmm_theme_f\"><span class=\"tmm_two_containers_tablet\"><\/span><div class=\"tmm_container\"><div class=\"tmm_member\" style=\"border-top:#81d742 solid 5px;\"><div class=\"tmm_photo tmm_pic_abteilung-kinderturnen_0\" style=\"background: url(https:\/\/www.turnados-dresden.de\/wp-content\/uploads\/baerens.jpg); margin-left: auto; margin-right:auto; background-size:cover !important;\"><\/div><div class=\"tmm_textblock\"><div class=\"tmm_names\"><span class=\"tmm_fname\">Jana<\/span> <span class=\"tmm_lname\">Baerens<\/span><\/div><div class=\"tmm_job\">Abteilungsleiterin und \u00dcbungsleiterin<\/div><div class=\"tmm_desc\" style=\"text-align:center\"><p>\u00dcbungsleiter C-Kinderturnen<\/p><\/div><div class=\"tmm_scblock\"><\/div><\/div><\/div><div class=\"tmm_member\" style=\"border-top:#81d742 solid 5px;\"><div class=\"tmm_photo tmm_pic_abteilung-kinderturnen_1\" style=\"background: url(https:\/\/www.turnados-dresden.de\/wp-content\/uploads\/Smiley-lachend.png); margin-left: auto; margin-right:auto; background-size:cover !important;\"><\/div><div class=\"tmm_textblock\"><div class=\"tmm_names\"><span class=\"tmm_fname\">Uta<\/span> <span class=\"tmm_lname\">Albert<\/span><\/div><div class=\"tmm_job\">\u00dcbungsleiterin<\/div><div class=\"tmm_desc\" style=\"text-align:center\">\u00dcbungsleiter C-Kinderturnen<\/div><div class=\"tmm_scblock\"><\/div><\/div><\/div><span class=\"tmm_two_containers_tablet\"><\/span><div class=\"tmm_member\" style=\"border-top:#81d742 solid 5px;\"><div class=\"tmm_photo tmm_pic_abteilung-kinderturnen_2\" style=\"background: url(https:\/\/www.turnados-dresden.de\/wp-content\/uploads\/Smiley-lachend.png); margin-left: auto; margin-right:auto; background-size:cover !important;\"><\/div><div class=\"tmm_textblock\"><div class=\"tmm_names\"><span class=\"tmm_fname\">Jonas<\/span> <span class=\"tmm_lname\">Bergs<\/span><\/div><div class=\"tmm_job\">\u00dcbungsleiter<\/div><div class=\"tmm_desc\" style=\"text-align:center\"><p>\u00dcbungsleiter-Assistent<\/p><\/div><div class=\"tmm_scblock\"><\/div><\/div><\/div><div class=\"tmm_member\" style=\"border-top:#81d742 solid 5px;\"><div class=\"tmm_photo tmm_pic_abteilung-kinderturnen_3\" style=\"background: url(https:\/\/www.turnados-dresden.de\/wp-content\/uploads\/frickmann.jpg); margin-left: auto; margin-right:auto; background-size:cover !important;\"><\/div><div class=\"tmm_textblock\"><div class=\"tmm_names\"><span class=\"tmm_fname\">Martin<\/span> <span class=\"tmm_lname\">Frickmann<\/span><\/div><div class=\"tmm_job\">\u00dcbungsleiter<\/div><div class=\"tmm_desc\" style=\"text-align:center\"><p>\u00dcbungsleiter B-Gesundheitsf\u00f6rderung im Kinderturnen<\/p><\/div><div class=\"tmm_scblock\"><\/div><\/div><\/div><span class=\"tmm_two_containers_tablet\"><\/span><div class=\"tmm_member\" style=\"border-top:#81d742 solid 5px;\"><div class=\"tmm_photo tmm_pic_abteilung-kinderturnen_4\" style=\"background: url(https:\/\/www.turnados-dresden.de\/wp-content\/uploads\/Smiley-lachend.png); margin-left: auto; margin-right:auto; background-size:cover !important;\"><\/div><div class=\"tmm_textblock\"><div class=\"tmm_names\"><span class=\"tmm_fname\">Tobias<\/span> <span class=\"tmm_lname\">Kaul<\/span><\/div><div class=\"tmm_job\">\u00dcbungsleiter<\/div><div class=\"tmm_desc\" style=\"text-align:center\">\u00dcbungsleiter C-Kinderturnen<\/div><div class=\"tmm_scblock\"><\/div><\/div><\/div><div style=\"clear:both;\"><\/div><\/div><\/div><\/div>\n<p>[\/et_pb_text][et_pb_text admin_label=&#8220;Kontaktformular&#8220; _builder_version=&#8220;4.16&#8243; global_colors_info=&#8220;{}&#8220;]<\/p>\n\n<div class=\"wpcf7 no-js\" id=\"wpcf7-f192-o1\" lang=\"de-DE\" dir=\"ltr\" data-wpcf7-id=\"192\">\n<div class=\"screen-reader-response\"><p role=\"status\" aria-live=\"polite\" aria-atomic=\"true\"><\/p> <ul><\/ul><\/div>\n<form action=\"\/index.php?rest_route=%2Fwp%2Fv2%2Fpages%2F61#wpcf7-f192-o1\" method=\"post\" class=\"wpcf7-form init\" aria-label=\"Kontaktformular\" novalidate=\"novalidate\" data-status=\"init\">\n<fieldset class=\"hidden-fields-container\"><input type=\"hidden\" name=\"_wpcf7\" value=\"192\" \/><input type=\"hidden\" name=\"_wpcf7_version\" value=\"6.1.1\" \/><input type=\"hidden\" name=\"_wpcf7_locale\" value=\"de_DE\" \/><input type=\"hidden\" name=\"_wpcf7_unit_tag\" value=\"wpcf7-f192-o1\" \/><input type=\"hidden\" name=\"_wpcf7_container_post\" value=\"0\" \/><input type=\"hidden\" name=\"_wpcf7_posted_data_hash\" value=\"\" \/><input type=\"hidden\" name=\"_wpcf7_recaptcha_response\" value=\"\" \/>\n<\/fieldset>\n<p><label> Dein Name (Pflichtfeld)<br \/>\n<span class=\"wpcf7-form-control-wrap\" data-name=\"your-name\"><input size=\"40\" maxlength=\"400\" class=\"wpcf7-form-control wpcf7-text wpcf7-validates-as-required\" aria-required=\"true\" aria-invalid=\"false\" value=\"\" type=\"text\" name=\"your-name\" \/><\/span> <\/label>\n<\/p>\n<p><label> Deine E-Mail-Adresse (Pflichtfeld)<br \/>\n<span class=\"wpcf7-form-control-wrap\" data-name=\"your-email\"><input size=\"40\" maxlength=\"400\" class=\"wpcf7-form-control wpcf7-email wpcf7-validates-as-required wpcf7-text wpcf7-validates-as-email\" aria-required=\"true\" aria-invalid=\"false\" value=\"\" type=\"email\" name=\"your-email\" \/><\/span> <\/label>\n<\/p>\n<p><label> Betreff<br \/>\n<span class=\"wpcf7-form-control-wrap\" data-name=\"your-subject\"><input size=\"40\" maxlength=\"400\" class=\"wpcf7-form-control wpcf7-text\" aria-invalid=\"false\" value=\"\" type=\"text\" name=\"your-subject\" \/><\/span> <\/label>\n<\/p>\n<p><label> Deine Nachricht<br \/>\n<span class=\"wpcf7-form-control-wrap\" data-name=\"your-message\"><textarea cols=\"40\" rows=\"10\" maxlength=\"2000\" class=\"wpcf7-form-control wpcf7-textarea\" aria-invalid=\"false\" name=\"your-message\"><\/textarea><\/span> <\/label>\n<\/p>\n<p><span class=\"wpcf7-form-control-wrap kc_captcha\" data-name=\"kc_captcha\"><span class=\"wpcf7-form-control wpcf7-radio\"><span class=\"captcha-image\" ><span class=\"cf7ic_instructions\">Bitte beweise, dass du kein Spambot bist und w\u00e4hle das Symbol<span> Flugzeug<\/span>.<\/span><label><input aria-label=\"1\" type=\"radio\" name=\"kc_captcha\" value=\"bot\" \/><svg aria-hidden=\"true\" role=\"img\" xmlns=\"http:\/\/www.w3.org\/2000\/svg\" viewBox=\"0 0 512 512\"><path fill=\"currentColor\" d=\"M350 99c-54 0-98-35-166-35-25 0-47 4-68 12a56 56 0 004-24C118 24 95 1 66 0a56 56 0 00-34 102v386c0 13 11 24 24 24h16c13 0 24-11 24-24v-94c28-12 64-23 114-23 54 0 98 35 166 35 48 0 86-16 122-41 9-6 14-15 14-26V96c0-23-24-39-45-29-35 16-77 32-117 32z\"\/><\/svg><\/label><label><input aria-label=\"2\" type=\"radio\" name=\"kc_captcha\" value=\"bot\" \/><svg aria-hidden=\"true\" role=\"img\" xmlns=\"http:\/\/www.w3.org\/2000\/svg\" viewBox=\"0 0 384 512\"><path fill=\"currentColor\" d=\"M377 375l-83-87h34c21 0 32-25 17-40l-82-88h33c21 0 32-25 18-40L210 8c-10-11-26-11-36 0L70 120c-14 15-3 40 18 40h33l-82 88c-15 15-4 40 17 40h34L7 375c-15 16-4 41 17 41h120c0 33-11 49-34 68-12 9-5 28 10 28h144c15 0 22-19 10-28-20-16-34-32-34-68h120c21 0 32-25 17-41z\"\/><\/svg><\/label><label><input aria-label=\"3\" type=\"radio\" name=\"kc_captcha\" value=\"kc_human\" \/><svg aria-hidden=\"true\" role=\"img\" xmlns=\"http:\/\/www.w3.org\/2000\/svg\" viewBox=\"0 0 576 512\"><path fill=\"currentColor\" d=\"M472 200H360L256 6a12 12 0 00-10-6h-58c-8 0-14 7-12 15l34 185H100l-35-58a12 12 0 00-10-6H12c-8 0-13 7-12 14l21 106L0 362c-1 7 4 14 12 14h43c4 0 8-2 10-6l35-58h110l-34 185c-2 8 4 15 12 15h58a12 12 0 0010-6l104-194h112c57 0 104-25 104-56s-47-56-104-56z\"\/><\/svg><\/label>\r\n    <\/span>\r\n    <span style=\"display:none\">\r\n        <input type=\"text\" name=\"kc_honeypot\">\r\n    <\/span><\/span><\/span>\n<\/p>\n<p><input class=\"wpcf7-form-control wpcf7-submit has-spinner\" type=\"submit\" value=\"Senden\" \/>\n<\/p><p style=\"display: none !important;\" class=\"akismet-fields-container\" data-prefix=\"_wpcf7_ak_\"><label>&#916;<textarea name=\"_wpcf7_ak_hp_textarea\" cols=\"45\" rows=\"8\" maxlength=\"100\"><\/textarea><\/label><input type=\"hidden\" id=\"ak_js_1\" name=\"_wpcf7_ak_js\" value=\"117\"\/><script>document.getElementById( \"ak_js_1\" ).setAttribute( \"value\", ( new Date() ).getTime() );<\/script><\/p><div class=\"wpcf7-response-output\" aria-hidden=\"true\"><\/div>\n<\/form>\n<\/div>\n\n<p>[\/et_pb_text][\/et_pb_column][\/et_pb_row][\/et_pb_section]<\/p>\n","protected":false},"excerpt":{"rendered":"<p>[et_pb_section fb_built=&#8220;1&#8243; _builder_version=&#8220;4.16&#8243; global_colors_info=&#8220;{}&#8220;][et_pb_row _builder_version=&#8220;4.16&#8243; background_size=&#8220;initial&#8220; background_position=&#8220;top_left&#8220; background_repeat=&#8220;repeat&#8220; global_colors_info=&#8220;{}&#8220;][et_pb_column type=&#8220;4_4&#8243; _builder_version=&#8220;4.16&#8243; custom_padding=&#8220;|||&#8220; global_colors_info=&#8220;{}&#8220; custom_padding__hover=&#8220;|||&#8220;][et_pb_image src=&#8220;https:\/\/www.turnados-dresden.de\/wp-content\/uploads\/P1010084.jpg&#8220; align_tablet=&#8220;center&#8220; align_phone=&#8220;&#8220; align_last_edited=&#8220;on|desktop&#8220; _builder_version=&#8220;4.16&#8243; global_colors_info=&#8220;{}&#8220;][\/et_pb_image][et_pb_text admin_label=&#8220;Beschreibung Kinderturnen&#8220; _builder_version=&#8220;4.16&#8243; global_colors_info=&#8220;{}&#8220;] Kinderturnen ist die \u201eKinderstube des Sports\u201c. Spielerisch werden Bewegungserfahrungen gesammelt, die Grundlagen aller Sportarten sind. Die F\u00f6rderung der Grundfertigkeiten, wie zum Beispiel Balancieren, H\u00fcpfen, Schwingen und Rollen, stehen im Mittelpunkt des [&hellip;]<\/p>\n","protected":false},"author":1,"featured_media":0,"parent":0,"menu_order":0,"comment_status":"closed","ping_status":"closed","template":"","meta":{"_et_pb_use_builder":"on","_et_pb_old_content":"<img class=\"aligncenter size-full wp-image-176\" src=\"https:\/\/www.turnados-dresden.de\/wp-content\/uploads\/P1010084.jpg\" alt=\"\" width=\"1000\" height=\"400\" \/>\r\n\r\nKinderturnen ist die \u201eKinderstube des Sports\u201c.\r\n\r\nSpielerisch werden Bewegungserfahrungen gesammelt, die Grundlagen aller Sportarten sind. Die F\u00f6rderung der Grundfertigkeiten, wie zum Beispiel Balancieren, H\u00fcpfen, Schwingen und Rollen, stehen im Mittelpunkt des Kinderturnens. Es holt die Kinder dort ab, wo sie sind \u2013 in ihrem f\u00fcr die gesamte Pers\u00f6nlichkeitsentwicklung wichtigen Grundbed\u00fcrfnis, sich zu bewegen. Durch Bewegung erweitern Kinder nicht nur ihre motorischen, sondern auch ihre kognitiven F\u00e4higkeiten.\r\n\r\n<strong>Kinderturnen ist DIE motorische Grundlagenausbildung f\u00fcr Kinder.<\/strong>\r\n\r\nIn unserem Verein bieten wir zwei Kinderturngruppen an\r\nVorschule bis 2.\/3. Klasse - Freitags von 14:30 Uhr bis 15:45 Uhr und\r\nab 3. Klasse - Freitags von 16:00 Uhr bis 17:30 Uhr (Aufnahmestop nur nach vorheriger Absprache vorbeikommen)\r\n\r\nBeide Gruppen \u00fcben in der Turnhalle der 19. Grundschule Dresden (Am J\u00e4gerpark 5, 01099 Dresden) und sind Bestandteil der Kooperation mit der 19. Grundschule.\r\n\r\n\u00a0\r\n\r\n[tmm name=\"abteilung-kinderturnen\"]\r\n\r\n\u00a0\r\n\r\n<strong>Wenn Sie zu uns kontakt aufnehmen m\u00f6chten, so haben Sie hier die M\u00f6glichkeit dazu:<\/strong>\r\n\r\n[contact-form-7 id=\"192\" title=\"Kontakt Kinderturnen\"]","_et_gb_content_width":"","ngg_post_thumbnail":0,"footnotes":""},"class_list":["post-61","page","type-page","status-publish","hentry"],"_links":{"self":[{"href":"https:\/\/www.dresden-kinderturnen.de\/index.php?rest_route=\/wp\/v2\/pages\/61","targetHints":{"allow":["GET"]}}],"collection":[{"href":"https:\/\/www.dresden-kinderturnen.de\/index.php?rest_route=\/wp\/v2\/pages"}],"about":[{"href":"https:\/\/www.dresden-kinderturnen.de\/index.php?rest_route=\/wp\/v2\/types\/page"}],"author":[{"embeddable":true,"href":"https:\/\/www.dresden-kinderturnen.de\/index.php?rest_route=\/wp\/v2\/users\/1"}],"replies":[{"embeddable":true,"href":"https:\/\/www.dresden-kinderturnen.de\/index.php?rest_route=%2Fwp%2Fv2%2Fcomments&post=61"}],"version-history":[{"count":20,"href":"https:\/\/www.dresden-kinderturnen.de\/index.php?rest_route=\/wp\/v2\/pages\/61\/revisions"}],"predecessor-version":[{"id":1730,"href":"https:\/\/www.dresden-kinderturnen.de\/index.php?rest_route=\/wp\/v2\/pages\/61\/revisions\/1730"}],"wp:attachment":[{"href":"https:\/\/www.dresden-kinderturnen.de\/index.php?rest_route=%2Fwp%2Fv2%2Fmedia&parent=61"}],"curies":[{"name":"wp","href":"https:\/\/api.w.org\/{rel}","templated":true}]}}